{"id":615,"date":"2026-01-20T10:00:00","date_gmt":"2026-01-20T10:00:00","guid":{"rendered":"https:\/\/cordelima.pt\/dtf\/?page_id=615"},"modified":"2026-02-02T13:21:01","modified_gmt":"2026-02-02T13:21:01","slug":"perguntas-frequentes","status":"publish","type":"page","link":"https:\/\/www.cordelima.pt\/dtf\/perguntas-frequentes\/","title":{"rendered":"Perguntas Frequentes"},"content":{"rendered":"\n<div style=\"height:56px\" aria-hidden=\"true\" class=\"wp-block-spacer\"><\/div>\n\n\n\n<details class=\"wp-block-stackable-accordion stk-block-accordion stk-inner-blocks stk-block-content stk-block stk-e9a7a9c is-style-plain\" data-block-id=\"e9a7a9c\"><style>.stk-e9a7a9c {border-style:solid !important;border-color:#dfdad1 !important;border-top-width:0px !important;border-right-width:0px !important;border-bottom-width:1px !important;border-left-width:0px !important;padding-bottom:24px !important;}<\/style>\n<summary class=\"wp-block-stackable-column stk-block-column stk-column stk-block stk-37dcd52 stk--container-small stk-block-accordion__heading\" data-v=\"4\" data-block-id=\"37dcd52\"><div class=\"stk-column-wrapper stk-block-column__content stk-container stk-37dcd52-container stk--no-background stk--no-padding\"><div class=\"stk-block-content stk-inner-blocks stk-37dcd52-inner-blocks\">\n<div class=\"wp-block-stackable-icon-label stk-block-icon-label stk-block stk-90b45cc\" data-block-id=\"90b45cc\"><div class=\"stk-row stk-inner-blocks stk-block-content\">\n<div class=\"wp-block-stackable-heading stk-block-heading stk-block-heading--v2 stk-block stk-f55cf61\" id=\"como-posso-pagar-as-encomendas\" data-block-id=\"f55cf61\"><h4 class=\"stk-block-heading__text\">como posso pagar as encomendas?<\/h4><\/div>\n\n\n\n<div class=\"wp-block-stackable-icon stk-block-icon stk-block stk-c0da240\" data-block-id=\"c0da240\"><span class=\"stk--svg-wrapper\"><div class=\"stk--inner-svg\"><svg style=\"height:0;width:0\"><defs><linearGradient id=\"linear-gradient-c0da240\" x1=\"0\" x2=\"100%\" y1=\"0\" y2=\"0\"><stop offset=\"0%\" style=\"stop-opacity:1;stop-color:var(--linear-gradient-c-0-da-240-color-1)\"><\/stop><stop offset=\"100%\" style=\"stop-opacity:1;stop-color:var(--linear-gradient-c-0-da-240-color-2)\"><\/stop><\/linearGradient><\/defs><\/svg><svg data-prefix=\"fas\" data-icon=\"chevron-down\" class=\"svg-inline--fa fa-chevron-down fa-w-14\" xmlns=\"http:\/\/www.w3.org\/2000\/svg\" viewBox=\"0 0 448 512\" aria-hidden=\"true\" width=\"32\" height=\"32\"><path fill=\"currentColor\" d=\"M207.029 381.476L12.686 187.132c-9.373-9.373-9.373-24.569 0-33.941l22.667-22.667c9.357-9.357 24.522-9.375 33.901-.04L224 284.505l154.745-154.021c9.379-9.335 24.544-9.317 33.901.04l22.667 22.667c9.373 9.373 9.373 24.569 0 33.941L240.971 381.476c-9.373 9.372-24.569 9.372-33.942 0z\"><\/path><\/svg><\/div><\/span><\/div>\n<\/div><\/div>\n<\/div><\/div><\/summary>\n\n\n\n<div class=\"wp-block-stackable-column stk-block-column stk-column stk-block stk-1f695d4 stk-block-accordion__content\" data-v=\"4\" data-block-id=\"1f695d4\"><style>.stk-1f695d4-container{padding-top:0px !important;padding-right:0px !important;padding-bottom:0px !important;padding-left:0px !important;}<\/style><div class=\"stk-column-wrapper stk-block-column__content stk-container stk-1f695d4-container stk--no-background stk--no-padding\"><div class=\"stk-block-content stk-inner-blocks stk-1f695d4-inner-blocks\">\n<p>As formas de pagamento s\u00e3o todas online e 100% seguras. Aceitamos MBWAY, Multibanco, Google Pay, Apple Pay e Cart\u00f5es de Cr\u00e9dito\/D\u00e9bito (Visa\/Mastercard).<\/p>\n<\/div><\/div><\/div>\n<\/details>\n\n\n\n<details class=\"wp-block-stackable-accordion stk-block-accordion stk-inner-blocks stk-block-content stk-block stk-70601c5 is-style-plain\" data-block-id=\"70601c5\"><style>.stk-70601c5 {border-style:solid !important;border-color:#dfdad1 !important;border-top-width:0px !important;border-right-width:0px !important;border-bottom-width:1px !important;border-left-width:0px !important;padding-bottom:24px !important;}<\/style>\n<summary class=\"wp-block-stackable-column stk-block-column stk-column stk-block stk-6d63db4 stk--container-small stk-block-accordion__heading\" data-v=\"4\" data-block-id=\"6d63db4\"><div class=\"stk-column-wrapper stk-block-column__content stk-container stk-6d63db4-container stk--no-background stk--no-padding\"><div class=\"stk-block-content stk-inner-blocks stk-6d63db4-inner-blocks\">\n<div class=\"wp-block-stackable-icon-label stk-block-icon-label stk-block stk-03a1b9e\" data-block-id=\"03a1b9e\"><div class=\"stk-row stk-inner-blocks stk-block-content\">\n<div class=\"wp-block-stackable-heading stk-block-heading stk-block-heading--v2 stk-block stk-38629ac\" id=\"como-sao-calculados-os-precos-da-encomenda\" data-block-id=\"38629ac\"><h4 class=\"stk-block-heading__text\">Como s\u00e3o calculados os pre\u00e7os da encomenda?<\/h4><\/div>\n\n\n\n<div class=\"wp-block-stackable-icon stk-block-icon stk-block stk-ccacf71\" data-block-id=\"ccacf71\"><span class=\"stk--svg-wrapper\"><div class=\"stk--inner-svg\"><svg style=\"height:0;width:0\"><defs><linearGradient id=\"linear-gradient-ccacf71\" x1=\"0\" x2=\"100%\" y1=\"0\" y2=\"0\"><stop offset=\"0%\" style=\"stop-opacity:1;stop-color:var(--linear-gradient-ccacf-71-color-1)\"><\/stop><stop offset=\"100%\" style=\"stop-opacity:1;stop-color:var(--linear-gradient-ccacf-71-color-2)\"><\/stop><\/linearGradient><\/defs><\/svg><svg data-prefix=\"fas\" data-icon=\"chevron-down\" class=\"svg-inline--fa fa-chevron-down fa-w-14\" xmlns=\"http:\/\/www.w3.org\/2000\/svg\" viewBox=\"0 0 448 512\" aria-hidden=\"true\" width=\"32\" height=\"32\"><path fill=\"currentColor\" d=\"M207.029 381.476L12.686 187.132c-9.373-9.373-9.373-24.569 0-33.941l22.667-22.667c9.357-9.357 24.522-9.375 33.901-.04L224 284.505l154.745-154.021c9.379-9.335 24.544-9.317 33.901.04l22.667 22.667c9.373 9.373 9.373 24.569 0 33.941L240.971 381.476c-9.373 9.372-24.569 9.372-33.942 0z\"><\/path><\/svg><\/div><\/span><\/div>\n<\/div><\/div>\n<\/div><\/div><\/summary>\n\n\n\n<div class=\"wp-block-stackable-column stk-block-column stk-column stk-block stk-3cd9222 stk-block-accordion__content\" data-v=\"4\" data-block-id=\"3cd9222\"><style>.stk-3cd9222-container{padding-top:0px !important;padding-right:0px !important;padding-bottom:0px !important;padding-left:0px !important;}<\/style><div class=\"stk-column-wrapper stk-block-column__content stk-container stk-3cd9222-container stk--no-background stk--no-padding\"><div class=\"stk-block-content stk-inner-blocks stk-3cd9222-inner-blocks\">\n<p>Todos os produtos s\u00e3o calculados em tempo real durante a encomenda. Assim, os pre\u00e7os s\u00e3o transparentes e sabe sempre o que vai pagar.<\/p>\n<\/div><\/div><\/div>\n<\/details>\n\n\n\n<details class=\"wp-block-stackable-accordion stk-block-accordion stk-inner-blocks stk-block-content stk-block stk-f1bf5d6 is-style-plain\" data-block-id=\"f1bf5d6\"><style>.stk-f1bf5d6 {border-style:solid !important;border-color:#dfdad1 !important;border-top-width:0px !important;border-right-width:0px !important;border-bottom-width:1px !important;border-left-width:0px !important;padding-bottom:24px !important;}<\/style>\n<summary class=\"wp-block-stackable-column stk-block-column stk-column stk-block stk-20e6916 stk--container-small stk-block-accordion__heading\" data-v=\"4\" data-block-id=\"20e6916\"><div class=\"stk-column-wrapper stk-block-column__content stk-container stk-20e6916-container stk--no-background stk--no-padding\"><div class=\"stk-block-content stk-inner-blocks stk-20e6916-inner-blocks\">\n<div class=\"wp-block-stackable-icon-label stk-block-icon-label stk-block stk-78e7660\" data-block-id=\"78e7660\"><div class=\"stk-row stk-inner-blocks stk-block-content\">\n<div class=\"wp-block-stackable-heading stk-block-heading stk-block-heading--v2 stk-block stk-2396b19\" id=\"qual-o-prazo-de-producao-e-entrega\" data-block-id=\"2396b19\"><h4 class=\"stk-block-heading__text\">Qual o prazo de produ\u00e7\u00e3o e entrega?<\/h4><\/div>\n\n\n\n<div class=\"wp-block-stackable-icon stk-block-icon stk-block stk-b6da56d\" data-block-id=\"b6da56d\"><span class=\"stk--svg-wrapper\"><div class=\"stk--inner-svg\"><svg style=\"height:0;width:0\"><defs><linearGradient id=\"linear-gradient-b6da56d\" x1=\"0\" x2=\"100%\" y1=\"0\" y2=\"0\"><stop offset=\"0%\" style=\"stop-opacity:1;stop-color:var(--linear-gradient-b-6-da-56-d-color-1)\"><\/stop><stop offset=\"100%\" style=\"stop-opacity:1;stop-color:var(--linear-gradient-b-6-da-56-d-color-2)\"><\/stop><\/linearGradient><\/defs><\/svg><svg data-prefix=\"fas\" data-icon=\"chevron-down\" class=\"svg-inline--fa fa-chevron-down fa-w-14\" xmlns=\"http:\/\/www.w3.org\/2000\/svg\" viewBox=\"0 0 448 512\" aria-hidden=\"true\" width=\"32\" height=\"32\"><path fill=\"currentColor\" d=\"M207.029 381.476L12.686 187.132c-9.373-9.373-9.373-24.569 0-33.941l22.667-22.667c9.357-9.357 24.522-9.375 33.901-.04L224 284.505l154.745-154.021c9.379-9.335 24.544-9.317 33.901.04l22.667 22.667c9.373 9.373 9.373 24.569 0 33.941L240.971 381.476c-9.373 9.372-24.569 9.372-33.942 0z\"><\/path><\/svg><\/div><\/span><\/div>\n<\/div><\/div>\n<\/div><\/div><\/summary>\n\n\n\n<div class=\"wp-block-stackable-column stk-block-column stk-column stk-block stk-7a595f9 stk-block-accordion__content\" data-v=\"4\" data-block-id=\"7a595f9\"><style>.stk-7a595f9-container{padding-top:0px !important;padding-right:0px !important;padding-bottom:0px !important;padding-left:0px !important;}<\/style><div class=\"stk-column-wrapper stk-block-column__content stk-container stk-7a595f9-container stk--no-background stk--no-padding\"><div class=\"stk-block-content stk-inner-blocks stk-7a595f9-inner-blocks\">\n<div class=\"wp-block-stackable-text stk-block-text stk-block stk-1773693\" data-block-id=\"1773693\"><p class=\"stk-block-text__text\">O prazo de produ\u00e7\u00e3o \u00e9 de at\u00e9 48h (\u00fateis), ap\u00f3s aprova\u00e7\u00e3o\/confirma\u00e7\u00e3o do ficheiro em condi\u00e7\u00f5es para impress\u00e3o. O envio \u00e9 por transportadora, este tempo \u00e9 de responsabilidade das transportadoras, mas por norma 24h a 48h est\u00e1 entregue no destino. O tempo de produ\u00e7\u00e3o\/entrega de materiais personalizados (t-shirts\/sacos\/bon\u00e9s&#8230;) pode variar dependendo da quantidade e se \u00e9 ou n\u00e3o personalizado (e do tipo de personaliza\u00e7\u00e3o).<\/p><\/div>\n<\/div><\/div><\/div>\n<\/details>\n\n\n\n<details class=\"wp-block-stackable-accordion stk-block-accordion stk-inner-blocks stk-block-content stk-block stk-7ea0a1b is-style-plain\" data-block-id=\"7ea0a1b\"><style>.stk-7ea0a1b {border-style:solid !important;border-color:#dfdad1 !important;border-top-width:0px !important;border-right-width:0px !important;border-bottom-width:1px !important;border-left-width:0px !important;padding-bottom:24px !important;}<\/style>\n<summary class=\"wp-block-stackable-column stk-block-column stk-column stk-block stk-1bc2821 stk--container-small stk-block-accordion__heading\" data-v=\"4\" data-block-id=\"1bc2821\"><div class=\"stk-column-wrapper stk-block-column__content stk-container stk-1bc2821-container stk--no-background stk--no-padding\"><div class=\"stk-block-content stk-inner-blocks stk-1bc2821-inner-blocks\">\n<div class=\"wp-block-stackable-icon-label stk-block-icon-label stk-block stk-0cab28d\" data-block-id=\"0cab28d\"><div class=\"stk-row stk-inner-blocks stk-block-content\">\n<div class=\"wp-block-stackable-heading stk-block-heading stk-block-heading--v2 stk-block stk-5d36730\" id=\"posso-cancelar-ou-alterar-uma-encomenda\" data-block-id=\"5d36730\"><h4 class=\"stk-block-heading__text\">Posso cancelar ou alterar uma encomenda?<\/h4><\/div>\n\n\n\n<div class=\"wp-block-stackable-icon stk-block-icon stk-block stk-42a3a9b\" data-block-id=\"42a3a9b\"><span class=\"stk--svg-wrapper\"><div class=\"stk--inner-svg\"><svg style=\"height:0;width:0\"><defs><linearGradient id=\"linear-gradient-42a3a9b\" x1=\"0\" x2=\"100%\" y1=\"0\" y2=\"0\"><stop offset=\"0%\" style=\"stop-opacity:1;stop-color:var(--linear-gradient-42-a-3-a-9-b-color-1)\"><\/stop><stop offset=\"100%\" style=\"stop-opacity:1;stop-color:var(--linear-gradient-42-a-3-a-9-b-color-2)\"><\/stop><\/linearGradient><\/defs><\/svg><svg data-prefix=\"fas\" data-icon=\"chevron-down\" class=\"svg-inline--fa fa-chevron-down fa-w-14\" xmlns=\"http:\/\/www.w3.org\/2000\/svg\" viewBox=\"0 0 448 512\" aria-hidden=\"true\" width=\"32\" height=\"32\"><path fill=\"currentColor\" d=\"M207.029 381.476L12.686 187.132c-9.373-9.373-9.373-24.569 0-33.941l22.667-22.667c9.357-9.357 24.522-9.375 33.901-.04L224 284.505l154.745-154.021c9.379-9.335 24.544-9.317 33.901.04l22.667 22.667c9.373 9.373 9.373 24.569 0 33.941L240.971 381.476c-9.373 9.372-24.569 9.372-33.942 0z\"><\/path><\/svg><\/div><\/span><\/div>\n<\/div><\/div>\n<\/div><\/div><\/summary>\n\n\n\n<div class=\"wp-block-stackable-column stk-block-column stk-column stk-block stk-f461acf stk-block-accordion__content\" data-v=\"4\" data-block-id=\"f461acf\"><style>.stk-f461acf-container{padding-top:0px !important;padding-right:0px !important;padding-bottom:0px !important;padding-left:0px !important;}<\/style><div class=\"stk-column-wrapper stk-block-column__content stk-container stk-f461acf-container stk--no-background stk--no-padding\"><div class=\"stk-block-content stk-inner-blocks stk-f461acf-inner-blocks\">\n<div class=\"wp-block-stackable-text stk-block-text stk-block stk-9474d66\" data-block-id=\"9474d66\"><p class=\"stk-block-text__text\">Sim! Caso queira cancelar ou alterar uma encomenda entre em <a href=\"https:\/\/cordelima.pt\/dtf\/contactos\/\" data-type=\"page\" data-id=\"338\">contacto <\/a>o mais breve poss\u00edvel.<br>Se a produ\u00e7\u00e3o da encomenda estiver em andamento, n\u00e3o ser\u00e1 poss\u00edvel cancelar ou alterar, pelo que \u00e9 muito importante o <a href=\"https:\/\/cordelima.pt\/dtf\/contactos\/\" data-type=\"page\" data-id=\"338\">contacto <\/a>o mais r\u00e1pido poss\u00edvel.<\/p><\/div>\n<\/div><\/div><\/div>\n<\/details>\n\n\n\n<details class=\"wp-block-stackable-accordion stk-block-accordion stk-inner-blocks stk-block-content stk-block stk-b15a850 is-style-plain\" data-block-id=\"b15a850\"><style>.stk-b15a850 {border-style:solid !important;border-color:#dfdad1 !important;border-top-width:0px !important;border-right-width:0px !important;border-bottom-width:1px !important;border-left-width:0px !important;padding-bottom:24px !important;}<\/style>\n<summary class=\"wp-block-stackable-column stk-block-column stk-column stk-block stk-1539857 stk--container-small stk-block-accordion__heading\" data-v=\"4\" data-block-id=\"1539857\"><div class=\"stk-column-wrapper stk-block-column__content stk-container stk-1539857-container stk--no-background stk--no-padding\"><div class=\"stk-block-content stk-inner-blocks stk-1539857-inner-blocks\">\n<div class=\"wp-block-stackable-icon-label stk-block-icon-label stk-block stk-5f65dd3\" data-block-id=\"5f65dd3\"><div class=\"stk-row stk-inner-blocks stk-block-content\">\n<div class=\"wp-block-stackable-heading stk-block-heading stk-block-heading--v2 stk-block stk-5ed3cda\" id=\"qual-a-garantia-dos-produtos\" data-block-id=\"5ed3cda\"><h4 class=\"stk-block-heading__text\">Qual a garantia dos produtos?<\/h4><\/div>\n\n\n\n<div class=\"wp-block-stackable-icon stk-block-icon stk-block stk-35965fd\" data-block-id=\"35965fd\"><span class=\"stk--svg-wrapper\"><div class=\"stk--inner-svg\"><svg style=\"height:0;width:0\"><defs><linearGradient id=\"linear-gradient-35965fd\" x1=\"0\" x2=\"100%\" y1=\"0\" y2=\"0\"><stop offset=\"0%\" style=\"stop-opacity:1;stop-color:var(--linear-gradient-35965-fd-color-1)\"><\/stop><stop offset=\"100%\" style=\"stop-opacity:1;stop-color:var(--linear-gradient-35965-fd-color-2)\"><\/stop><\/linearGradient><\/defs><\/svg><svg data-prefix=\"fas\" data-icon=\"chevron-down\" class=\"svg-inline--fa fa-chevron-down fa-w-14\" xmlns=\"http:\/\/www.w3.org\/2000\/svg\" viewBox=\"0 0 448 512\" aria-hidden=\"true\" width=\"32\" height=\"32\"><path fill=\"currentColor\" d=\"M207.029 381.476L12.686 187.132c-9.373-9.373-9.373-24.569 0-33.941l22.667-22.667c9.357-9.357 24.522-9.375 33.901-.04L224 284.505l154.745-154.021c9.379-9.335 24.544-9.317 33.901.04l22.667 22.667c9.373 9.373 9.373 24.569 0 33.941L240.971 381.476c-9.373 9.372-24.569 9.372-33.942 0z\"><\/path><\/svg><\/div><\/span><\/div>\n<\/div><\/div>\n<\/div><\/div><\/summary>\n\n\n\n<div class=\"wp-block-stackable-column stk-block-column stk-column stk-block stk-434a717 stk-block-accordion__content\" data-v=\"4\" data-block-id=\"434a717\"><style>.stk-434a717-container{padding-top:0px !important;padding-right:0px !important;padding-bottom:0px !important;padding-left:0px !important;}<\/style><div class=\"stk-column-wrapper stk-block-column__content stk-container stk-434a717-container stk--no-background stk--no-padding\"><div class=\"stk-block-content stk-inner-blocks stk-434a717-inner-blocks\">\n<div class=\"wp-block-stackable-text stk-block-text stk-block stk-53d0213\" data-block-id=\"53d0213\"><p class=\"stk-block-text__text\">A qualidade das impress\u00f5es depende MUITO dos ficheiros. Consulte as nossas <a href=\"https:\/\/cordelima.pt\/dtf\/instrucoes\/\" data-type=\"page\" data-id=\"336\">instru\u00e7\u00f5es <\/a>para envio do ficheiro com a melhor qualidade poss\u00edvel.<br>Oferecemos garantia contra defeitos de fabrico. Caso receba algum produto com defeito, entre em <a href=\"https:\/\/cordelima.pt\/dtf\/contactos\/\" data-type=\"page\" data-id=\"338\">contacto <\/a>imediatamente para ser resolvida a situa\u00e7\u00e3o.<\/p><\/div>\n<\/div><\/div><\/div>\n<\/details>\n\n\n\n<p><\/p>\n","protected":false},"excerpt":{"rendered":"<p>como posso pagar as encomendas? As formas de pagamento s\u00e3o todas online e 100% seguras. Aceitamos MBWAY, Multibanco, Google Pay, Apple Pay e Cart\u00f5es de Cr\u00e9dito\/D\u00e9bito (Visa\/Mastercard). Como s\u00e3o calculados os pre\u00e7os da encomenda? Todos os produtos s\u00e3o calculados em tempo real durante a encomenda. Assim, os pre\u00e7os s\u00e3o transparentes e sabe sempre o que [&hellip;]<\/p>\n","protected":false},"author":1,"featured_media":0,"parent":0,"menu_order":0,"comment_status":"closed","ping_status":"closed","template":"","meta":{"advanced_seo_description":"","jetpack_seo_html_title":"","jetpack_seo_noindex":false,"footnotes":""},"class_list":["post-615","page","type-page","status-publish","hentry"],"blocksy_meta":{"styles_descriptor":{"styles":{"desktop":"","tablet":"","mobile":""},"google_fonts":[],"version":6},"page_title_panel":"","has_hero_section":"disabled","8f8bd19aff105d3311aae733daab4adf":"","hero_section":"type-1","hero_elements":[{"id":"custom_title","enabled":true,"heading_tag":"h1","title":"Home"},{"id":"custom_description","enabled":true,"description_visibility":{"desktop":true,"tablet":true,"mobile":false}},{"id":"custom_meta","enabled":false,"meta_elements":[{"id":"author","enabled":true,"label":"By","has_author_avatar":"yes","avatar_size":25},{"id":"post_date","enabled":true,"label":"On","date_format_source":"default","date_format":"M j, Y"},{"id":"updated_date","enabled":false,"label":"On","date_format_source":"default","date_format":"M j, Y"},{"id":"categories","enabled":false,"label":"In","style":"simple"},{"id":"comments","enabled":true}],"page_meta_elements":{"joined":true,"articles_count":true,"comments":true}},{"id":"breadcrumbs","enabled":false}],"961aeed23e84dff1ebb35b42597573c1":"","hero_alignment1":"CT_CSS_SKIP_RULE","hero_margin":40,"hero_alignment2":"center","hero_vertical_alignment":"center","ea1ac2210ea7cef5410707d0372fc014":"","hero_structure":"narrow","389e90b7c0b47b907a36b197d8bc4e9a":"","page_title_bg_type":"featured_image","custom_hero_background":{"attachment_id":null},"page_title_image_size":"full","parallax":{"desktop":false,"tablet":false,"mobile":false},"8e6d64ad6bbdce87d7b0d7d5046c017b":"","hero_height":"250px","pageTitleFont":{"family":"Default","variation":"Default","size":"30px","line-height":"CT_CSS_SKIP_RULE","letter-spacing":"CT_CSS_SKIP_RULE","text-transform":"CT_CSS_SKIP_RULE","text-decoration":"CT_CSS_SKIP_RULE"},"pageTitleFontColor":{"default":{"color":"CT_CSS_SKIP_RULEDEFAULT"}},"pageMetaFont":{"family":"Default","variation":"n6","size":"12px","line-height":"1.3","letter-spacing":"CT_CSS_SKIP_RULE","text-transform":"uppercase","text-decoration":"CT_CSS_SKIP_RULE"},"pageMetaFontColor":{"default":{"color":"CT_CSS_SKIP_RULEDEFAULT"},"hover":{"color":"CT_CSS_SKIP_RULEDEFAULT"}},"page_meta_button_type_font_colors":{"default":{"color":"CT_CSS_SKIP_RULEDEFAULT"},"hover":{"color":"CT_CSS_SKIP_RULEDEFAULT"}},"page_meta_button_type_background_colors":{"default":{"color":"CT_CSS_SKIP_RULEDEFAULT"},"hover":{"color":"CT_CSS_SKIP_RULEDEFAULT"}},"pageExcerptFont":{"family":"Default","variation":"Default","size":"CT_CSS_SKIP_RULE","line-height":"CT_CSS_SKIP_RULE","letter-spacing":"CT_CSS_SKIP_RULE","text-transform":"CT_CSS_SKIP_RULE","text-decoration":"CT_CSS_SKIP_RULE"},"pageExcerptColor":{"default":{"color":"CT_CSS_SKIP_RULEDEFAULT"}},"breadcrumbsFont":{"family":"Default","variation":"Default","size":"CT_CSS_SKIP_RULE","line-height":"CT_CSS_SKIP_RULE","letter-spacing":"CT_CSS_SKIP_RULE","text-transform":"CT_CSS_SKIP_RULE","text-decoration":"CT_CSS_SKIP_RULE"},"breadcrumbsFontColor":{"default":{"color":"CT_CSS_SKIP_RULEDEFAULT"},"initial":{"color":"CT_CSS_SKIP_RULEDEFAULT"},"hover":{"color":"CT_CSS_SKIP_RULEDEFAULT"}},"pageTitleOverlay":{"background_type":"color","background_pattern":"type-1","background_image":{"attachment_id":null,"x":0,"y":0},"gradient":"linear-gradient(135deg,rgba(6,147,227,1) 0%,rgb(155,81,224) 100%)","background_repeat":"repeat","background_size":"auto","background_attachment":"scroll","patternColor":{"default":{"color":"#e5e7ea"}},"overlayColor":{"default":{"color":"CT_CSS_SKIP_RULE"}},"backgroundColor":{"default":{"color":"CT_CSS_SKIP_RULE"}}},"pageTitleBackground":{"background_type":"color","background_pattern":"type-1","background_image":{"attachment_id":null,"x":0,"y":0},"gradient":"linear-gradient(135deg,rgba(6,147,227,1) 0%,rgb(155,81,224) 100%)","background_repeat":"repeat","background_size":"auto","background_attachment":"scroll","patternColor":{"default":{"color":"#e5e7ea"}},"overlayColor":{"default":{"color":"CT_CSS_SKIP_RULE"}},"backgroundColor":{"default":{"color":"var(--theme-palette-color-6)"}}},"pageTitlePadding":{"top":"50px","bottom":"50px","left":"auto","right":"auto","linked":true},"d776914f90ab83d10f22d09affbeb051":"","page_structure_type":"default","e2ea881dc3c0deb43e587cd26de804f7":"","content_style_source":"inherit","content_style":"wide","vertical_spacing_source":"custom","content_area_spacing":"none","background":{"background_type":"color","background_pattern":"type-1","background_image":{"attachment_id":null,"x":0,"y":0},"gradient":"linear-gradient(135deg,rgba(6,147,227,1) 0%,rgb(155,81,224) 100%)","background_repeat":"repeat","background_size":"auto","background_attachment":"scroll","patternColor":{"default":{"color":"#e5e7ea"}},"overlayColor":{"default":{"color":"CT_CSS_SKIP_RULE"}},"backgroundColor":{"default":{"color":"CT_CSS_SKIP_RULE"}}},"content_background":{"background_type":"color","background_pattern":"type-1","background_image":{"attachment_id":null,"x":0,"y":0},"gradient":"linear-gradient(135deg,rgba(6,147,227,1) 0%,rgb(155,81,224) 100%)","background_repeat":"repeat","background_size":"auto","background_attachment":"scroll","patternColor":{"default":{"color":"#e5e7ea"}},"overlayColor":{"default":{"color":"CT_CSS_SKIP_RULE"}},"backgroundColor":{"default":{"color":"var(--theme-palette-color-8)"}}},"content_boxed_shadow":{"inherit":false,"blur":18,"spread":-6,"v_offset":12,"h_offset":0,"inset":false,"enable":true,"color":{"color":"rgba(34, 56, 101, 0.04)"}},"content_boxed_border":{"width":1,"style":"none","color":{"color":"rgba(44,62,80,0.2)"}},"content_boxed_radius":{"top":"3px","bottom":"3px","left":"3px","right":"3px","linked":true},"boxed_content_spacing":{"desktop":{"top":"40px","bottom":"40px","left":"40px","right":"40px","linked":true},"tablet":{"top":"35px","bottom":"35px","left":"35px","right":"35px","linked":true},"mobile":{"top":"20px","bottom":"20px","left":"20px","right":"20px","linked":true}},"86707fa3dfe090605441fb9d844e9df5":"","disable_featured_image":"no","disable_share_box":"no","disable_header":"no","disable_footer":"no"},"jetpack_sharing_enabled":true,"_links":{"self":[{"href":"https:\/\/www.cordelima.pt\/dtf\/wp-json\/wp\/v2\/pages\/615","targetHints":{"allow":["GET"]}}],"collection":[{"href":"https:\/\/www.cordelima.pt\/dtf\/wp-json\/wp\/v2\/pages"}],"about":[{"href":"https:\/\/www.cordelima.pt\/dtf\/wp-json\/wp\/v2\/types\/page"}],"author":[{"embeddable":true,"href":"https:\/\/www.cordelima.pt\/dtf\/wp-json\/wp\/v2\/users\/1"}],"replies":[{"embeddable":true,"href":"https:\/\/www.cordelima.pt\/dtf\/wp-json\/wp\/v2\/comments?post=615"}],"version-history":[{"count":10,"href":"https:\/\/www.cordelima.pt\/dtf\/wp-json\/wp\/v2\/pages\/615\/revisions"}],"predecessor-version":[{"id":1051,"href":"https:\/\/www.cordelima.pt\/dtf\/wp-json\/wp\/v2\/pages\/615\/revisions\/1051"}],"wp:attachment":[{"href":"https:\/\/www.cordelima.pt\/dtf\/wp-json\/wp\/v2\/media?parent=615"}],"curies":[{"name":"wp","href":"https:\/\/api.w.org\/{rel}","templated":true}]}}