{"id":655,"date":"2026-01-26T21:46:09","date_gmt":"2026-01-26T21:46:09","guid":{"rendered":"https:\/\/cordelima.pt\/dtf\/?post_type=product&#038;p=655"},"modified":"2026-01-31T14:11:02","modified_gmt":"2026-01-31T14:11:02","slug":"amostras-dtf-e-dtf-uv","status":"publish","type":"product","link":"https:\/\/www.cordelima.pt\/dtf\/produto\/amostras-dtf-e-dtf-uv\/","title":{"rendered":"Amostras DTF e DTF UV"},"content":{"rendered":"<p>Amostras DTF e DTF UV, manual de instru\u00e7\u00f5es e guia de boas pr\u00e1ticas, lista de materiais que onde pode ser aplicados, e muito mais&#8230;<br \/>\n\u00c9 uma maneira eficaz e econ\u00f4mica de testar a qualidade e o desempenho dos nossos produtos.<br \/>\nPre\u00e7o por pack de amostras.<\/p>\n","protected":false},"excerpt":{"rendered":"<p>Amostras DTF e DTF UV, manual de instru\u00e7\u00f5es e guia de boas pr\u00e1ticas, lista de materiais que onde pode ser aplicados, e muito mais&#8230;<br \/>\n\u00c9 uma maneira eficaz e econ\u00f4mica de testar a qualidade e o desempenho dos nossos produtos.<br \/>\nPre\u00e7o por pack de amostras.<\/p>\n","protected":false},"featured_media":660,"comment_status":"closed","ping_status":"closed","template":"","meta":{"advanced_seo_description":"","jetpack_seo_html_title":"","jetpack_seo_noindex":false},"product_brand":[],"product_cat":[16],"product_tag":[],"class_list":{"0":"post-655","1":"product","2":"type-product","3":"status-publish","4":"has-post-thumbnail","6":"product_cat-dtfs","7":"tm-no-options","9":"first","10":"instock","11":"sold-individually","12":"taxable","13":"shipping-taxable","14":"purchasable","15":"product-type-simple"},"jetpack_sharing_enabled":true,"_links":{"self":[{"href":"https:\/\/www.cordelima.pt\/dtf\/wp-json\/wp\/v2\/product\/655","targetHints":{"allow":["GET"]}}],"collection":[{"href":"https:\/\/www.cordelima.pt\/dtf\/wp-json\/wp\/v2\/product"}],"about":[{"href":"https:\/\/www.cordelima.pt\/dtf\/wp-json\/wp\/v2\/types\/product"}],"replies":[{"embeddable":true,"href":"https:\/\/www.cordelima.pt\/dtf\/wp-json\/wp\/v2\/comments?post=655"}],"wp:featuredmedia":[{"embeddable":true,"href":"https:\/\/www.cordelima.pt\/dtf\/wp-json\/wp\/v2\/media\/660"}],"wp:attachment":[{"href":"https:\/\/www.cordelima.pt\/dtf\/wp-json\/wp\/v2\/media?parent=655"}],"wp:term":[{"taxonomy":"product_brand","embeddable":true,"href":"https:\/\/www.cordelima.pt\/dtf\/wp-json\/wp\/v2\/product_brand?post=655"},{"taxonomy":"product_cat","embeddable":true,"href":"https:\/\/www.cordelima.pt\/dtf\/wp-json\/wp\/v2\/product_cat?post=655"},{"taxonomy":"product_tag","embeddable":true,"href":"https:\/\/www.cordelima.pt\/dtf\/wp-json\/wp\/v2\/product_tag?post=655"}],"curies":[{"name":"wp","href":"https:\/\/api.w.org\/{rel}","templated":true}]}}