{"id":705,"date":"2026-01-29T21:21:50","date_gmt":"2026-01-29T21:21:50","guid":{"rendered":"https:\/\/cordelima.pt\/dtf\/?post_type=product&#038;p=705"},"modified":"2026-02-11T09:07:46","modified_gmt":"2026-02-11T09:07:46","slug":"saco-de-pano-com-alcas","status":"publish","type":"product","link":"https:\/\/www.cordelima.pt\/dtf\/produto\/saco-de-pano-com-alcas\/","title":{"rendered":"Saco de Pano com Al\u00e7as"},"content":{"rendered":"<p>Tote bags de algod\u00e3o 100% natural com al\u00e7a longa.<br \/>\nOp\u00e7\u00f5es em 140g, 180g e 280g personaliz\u00e1veis DTF T\u00eaxtil.<br \/>\nMedidas: 37cm x 42cm<br \/>\nPacks 10un<\/p>\n","protected":false},"excerpt":{"rendered":"<p>Tote bags de algod\u00e3o 100% natural com al\u00e7a longa.<br \/>\nOp\u00e7\u00f5es em 140g, 180g e 280g personaliz\u00e1veis DTF T\u00eaxtil.<br \/>\nMedidas: 37cm x 42cm<br \/>\nPacks 10un<\/p>\n","protected":false},"featured_media":706,"comment_status":"open","ping_status":"closed","template":"","meta":{"advanced_seo_description":"","jetpack_seo_html_title":"","jetpack_seo_noindex":false},"product_brand":[],"product_cat":[16,38],"product_tag":[],"class_list":{"0":"post-705","1":"product","2":"type-product","3":"status-publish","4":"has-post-thumbnail","6":"product_cat-dtfs","7":"product_cat-sacos-e-mochilas","8":"tm-no-options","10":"first","11":"instock","12":"taxable","13":"shipping-taxable","14":"purchasable","15":"product-type-variable","16":"has-default-attributes"},"jetpack_sharing_enabled":true,"_links":{"self":[{"href":"https:\/\/www.cordelima.pt\/dtf\/wp-json\/wp\/v2\/product\/705","targetHints":{"allow":["GET"]}}],"collection":[{"href":"https:\/\/www.cordelima.pt\/dtf\/wp-json\/wp\/v2\/product"}],"about":[{"href":"https:\/\/www.cordelima.pt\/dtf\/wp-json\/wp\/v2\/types\/product"}],"replies":[{"embeddable":true,"href":"https:\/\/www.cordelima.pt\/dtf\/wp-json\/wp\/v2\/comments?post=705"}],"wp:featuredmedia":[{"embeddable":true,"href":"https:\/\/www.cordelima.pt\/dtf\/wp-json\/wp\/v2\/media\/706"}],"wp:attachment":[{"href":"https:\/\/www.cordelima.pt\/dtf\/wp-json\/wp\/v2\/media?parent=705"}],"wp:term":[{"taxonomy":"product_brand","embeddable":true,"href":"https:\/\/www.cordelima.pt\/dtf\/wp-json\/wp\/v2\/product_brand?post=705"},{"taxonomy":"product_cat","embeddable":true,"href":"https:\/\/www.cordelima.pt\/dtf\/wp-json\/wp\/v2\/product_cat?post=705"},{"taxonomy":"product_tag","embeddable":true,"href":"https:\/\/www.cordelima.pt\/dtf\/wp-json\/wp\/v2\/product_tag?post=705"}],"curies":[{"name":"wp","href":"https:\/\/api.w.org\/{rel}","templated":true}]}}